-4*l - w*o + 320. What are the prime factors of l?
2, 5
Let j(m) = 3*m + 2. Let o be j(3). Suppose -4*u + 61 = -o. List the prime factors of ((-3 + u*-4)*1)/(-1).
3, 5
Suppose 0*h - 3*h = -12. Let v be h - 2 - (6 - 3). List the prime factors of 2 - (83/(-1) + v).
2, 43
Suppose -4*v = 3*x - 20093, v - 3*v + 33451 = 5*x. List the prime factors of x.
3, 743
Let m(j) = 932*j + 37. What are the prime factors of m(3)?
2833
Let p = -50 + 154. Suppose -p = -g + 5*s - 7*s, 0 = 4*s + 4. What are the prime factors of g?
2, 53
Let x = 508 - 495. What are the prime factors of x/(-39) + (-1096)/(-3)?
5, 73
Let p(w) = w**3 - 12*w**2 + 16*w - 10. Let u(n) = n**2 - n - 2. Let b be u(4). Let k be p(b). Let l = k - -115. What are the prime factors of l?
5, 13
Let l = 279 + -269. Suppose 0 = 2*q + y - 1281, q + l*y - 618 = 5*y. List the prime factors of q.
643
Suppose 3*j + 15 = 0, -10*j = 3*k - 8*j - 3821. Let g = -664 + k. What are the prime factors of g?
613
Suppose 18 = 2*n + 2*a, 3*n - 2*a = 7 + 40. Let v(y) = 3*y**2 + 45*y + 37. List the prime factors of v(n).
1129
Let x(j) = -3194*j - 846. What are the prime factors of x(-4)?
2, 5, 1193
List the prime factors of ((-13852)/6)/(120/(-360)).
2, 3463
Let n(x) = 5*x - 131. Let g be n(27). Suppose -g*u = -8*u + 1644. List the prime factors of u.
3, 137
Let z(n) = n**2 - 95*n - 1401. Let a be z(108). Let x be (-2 - -5)/((-3)/10). List the prime factors of ((-387)/6)/a*(x + 2).
2, 43
Let z = -30 - -53. Suppose -3*y - 4*j = -2*y - z, -27 = -4*y - 3*j. Suppose 0 = y*u - 68 - 22. List the prime factors of u.
2, 3, 5
What are the prime factors of (-3 - -8 - (-1308774)/78) + (-2)/13?
2, 1049
List the prime factors of ((-3)/6)/(16/(-323264)).
2, 5051
Suppose 0 = -8*v + 46 + 2. Let d(g) = -v - g**2 + 32*g - 28*g - 19*g. List the prime factors of d(-11).
2, 19
Suppose 46507 = 8*n + 22*n - 2903. What are the prime factors of n?
3, 61
Suppose -5090*o + 1031016 = -5056*o. What are the prime factors of o?
2, 3, 7, 19
What are the prime factors of (0 - 18510)*(1680/(-75))/14?
2, 3, 617
Let l(t) = 3*t - 1. Let f(d) = -4*d + 2. Let v(p) = -4*f(p) - 5*l(p). Let x be v(5). Suppose -2*s + 748 = x*s. List the prime factors of s.
11, 17
Let y(u) = -6*u**3 + 9*u**2 - 236. List the prime factors of y(-10).
2, 7, 17
Let p(y) = y**3 - 7*y**2 + y + 27. Let l be p(10). Suppose 3*r - 11*q + 7*q = l, 466 = 4*r + 3*q. What are the prime factors of r?
5, 23
Let a be 55 - (2 + -4) - 4. Let o = 47 - a. What are the prime factors of (-28*(-2)/o)/((-3)/27)?
2, 3, 7
Let v be (-16)/10 + 2 + 8/(-20). Suppose v = 5*q - 24 - 1. What are the prime factors of ((-25)/q)/(-5) - -27*1?
2, 7
Suppose g + 4*g + 2*m - 3340 = 0, -1988 = -3*g + 2*m. List the prime factors of g.
2, 3, 37
Let o(x) = x**3 + 55*x**2 - 175*x + 228. What are the prime factors of o(-55)?
59, 167
Let m(j) = -7*j - 38. Let w be m(-5). Let t(k) = -k + 2. Let o be t(w). Suppose 796 = o*b - l, -2*l + 7*l = b - 140. What are the prime factors of b?
2, 5
Let v(i) = -6*i**2 + 447*i - 49. What are the prime factors of v(38)?
8273
Let v be 6*(-5)/(50/(-55)). Let z = 44 - v. Suppose 0 = 3*h - z*h + 200. What are the prime factors of h?
5
Let a(w) = 2*w**3 + 3*w**2 - 4*w + 1. Let r be a(1). Let n(d) = 95*d**3 + 3*d**2 - 7*d + 4. What are the prime factors of n(r)?
2, 3, 127
Let a(w) = 2*w**2 - 252. Let t be a(0). Let y = 404 + t. What are the prime factors of y?
2, 19
Suppose -7769580 = -206*m - 54*m. What are the prime factors of m?
3, 7, 1423
Suppose -5*k - 28 = -6*k. Let h be (-6)/12 + (-2)/(-4). What are the prime factors of (-18)/((-8)/k + h)?
3, 7
Let c be (-36)/9 + 9 - 7. What are the prime factors of 8*23*(6 + c)?
2, 23
Suppose -7 = -4*p + 1. Suppose 3 + 3 = p*t - 2*f, -5 = -5*f. Suppose -311 = -2*j + 3*w - 76, -5*j + t*w = -570. List the prime factors of j.
2, 5, 11
Let a be (1/2)/((-6)/(-36)). Let j be (15/(-10))/3*(-1 - a). Suppose -16 = -o - j. What are the prime factors of o?
2, 7
Suppose 2*v = -3*h + v + 5697, -3*v = 0. List the prime factors of h.
3, 211
Let z be 18*((-15)/10 + 2). Let y(r) = -9*r - 8. Let v(j) = 28*j + 23. Let s(l) = -2*v(l) - 7*y(l). What are the prime factors of s(z)?
73
Let o = -2580 - -4008. What are the prime factors of o?
2, 3, 7, 17
Let b be (-3)/1*284/12. Let x = -873 + 1081. Let w = b + x. What are the prime factors of w?
137
What are the prime factors of 1/(-1 + ((-11306)/5654 - -3))?
11, 257
Let m = 28 - 19. Let k(t) = 25*t - 45. List the prime factors of k(m).
2, 3, 5
Suppose 4*u - 7755 = 4*a + 189, 0 = u - 3*a - 1986. What are the prime factors of u?
2, 3, 331
Let a(u) = 556*u + 27. Let v be a(2). Let c = v - 658. List the prime factors of c.
13, 37
Suppose -37*f + 2*f = -156695. What are the prime factors of f?
11, 37
Suppose 4*v - 23 = 81. Let q = 12536 - 12520. Let k = v + q. List the prime factors of k.
2, 3, 7
Suppose 4*v - 2*s + 148 = 0, -2*v + 2*s = 24 + 48. Let i be v/(-3)*(-9)/6*-4. Let j = 115 - i. List the prime factors of j.
3, 13
Let l be 203 - 204 - (-1 + 2 + -5). Let z(o) = 22*o**2 - 4*o + 6. What are the prime factors of z(l)?
2, 3
Let p = 119 + -275. Let x = 76 - p. Let b = x - 164. List the prime factors of b.
2, 17
Let z(q) = -3*q**3 - 7*q**2 - 6*q - 8. Let b be z(-7). Suppose -2*x = 5*f - 2915 + b, 4*x - 3*f = 4325. Suppose -8*o + o + x = 0. List the prime factors of o.
5, 31
Suppose 0 = 47*p - 2904085 + 545719. List the prime factors of p.
2, 3, 8363
Suppose -6922 = 18*c - 1414. List the prime factors of 68/c - (-2891)/9.
3, 107
Let b = -72 + 117. Suppose 5*g - b - 80 = 0. Suppose -h - g = -125. List the prime factors of h.
2, 5
Suppose 12*u - 108 + 24 = 0. Suppose -11*y + 2744 = -u*y. What are the prime factors of y?
2, 7
Let m(j) = -14*j**2 + 8*j + 11. Let c be m(-3). Let h = -61 - c. What are the prime factors of h?
2, 3, 13
Let o = -534 - -329. Let w = o + 237. List the prime factors of w.
2
List the prime factors of (-4)/(-9) + (-20571)/(-189)*217.
3, 7873
Suppose -p - 4*m - 8 = -4, m - 2 = -p. List the prime factors of 148675/225 + p/18.
661
Let c = -10 + 68. Suppose 3*n - 2268 = -62*w + c*w, 3*w = -n + 1696. What are the prime factors of w?
2, 3, 47
Let v be (-2570)/(-16) + (-336)/(-896). Suppose -5*h + 10 + 0 = 0. Suppose w + 3*w + v = 3*z, -h*w = z - 47. List the prime factors of z.
3, 17
Let d be (-855)/(-105) - 2/14. Suppose -3*h + d*h - 180 = 5*x, 4*x + 189 = -5*h. Let b = 92 + x. List the prime factors of b.
3, 17
List the prime factors of -16*1*80/(-80)*4133/2.
2, 4133
Let w(f) = 2*f**2 - 30*f + 33. Let z be w(14). Let y(l) = l - 6. Let s be y(8). Suppose 3*j - z*m = 405, 5*j - 3*m = -s*m + 653. List the prime factors of j.
2, 5, 13
Suppose 206393 = 105*u - 76*u. What are the prime factors of u?
11, 647
Suppose 0 = -9*y + 70 - 43. Suppose y*r + 2*k - 208 = 0, 10*k = 7*k - 3. What are the prime factors of r?
2, 5, 7
Suppose 0 = -54*w + 21800 + 106936. What are the prime factors of w?
2, 149
Suppose 2*n + 105251 = 3*t - 17957, -40 = 5*n. What are the prime factors of t?
2, 3, 29, 59
Let u be -1 - (-3 + (-8 - -6)). Suppose -2*n = u*j - 1482, 2*j + 6*n - 739 = 7*n. What are the prime factors of j?
2, 5, 37
Let i(x) = x**3 + 7*x**2 - 4. Let v(g) = g**3 - 17*g**2 + 16*g + 1. Let a be v(16). Suppose -r - 5 + a = 0. What are the prime factors of i(r)?
2, 11
Let r = -54 + 54. Suppose r = f + 5*c - 12, 3*f - 6*c = -2*c + 17. Let w(y) = -y**3 + 6*y**2 + 14*y + 3. What are the prime factors of w(f)?
2, 13
Suppose -2*b = -5*m - 49352, 43668 + 55084 = 4*b + 2*m. List the prime factors of b.
2, 12343
Let p be ((-6)/10)/((-6 + 0)/(-1230)). What are the prime factors of (p/2)/(6/84*-1)?
3, 7, 41
Let j(q) = 4*q**3 + q**2 - 1. Let c be j(1). Let b = 4462 + -4463. What are the prime factors of (b - -345)/c + -4?
2, 41
Let z(y) = y**2 - 12*y + 1. Let p be z(9). Let n(i) = i**3 + 27*i**2 + 20*i + 46. Let w be n(p). Let q = 411 - w. List the prime factors of q.
11, 19
Let u = -87 + 94. Suppose u*m - 6 = 8. Let t(y) = y**3 - y**2 + 5*y - 1. List the prime factors of t(m).
13
Let k = -26316 + 41011. What are the prime factors of k?
5, 2939
Suppose 2*l - 704 = 13*l. Let w = 129 + l. What are the prime factors of w?
5, 13
Let l(v) be the third derivative of v**6/30 + v**5/60 - v**4/6 + 19*v**3/2 - 6*v**2. List the prime factors of l(6).
3, 